greatest common divisor of y and 10.
5
Let h be 62/6 + 116/174. Let g(o) = 0 - 3*o - 6 + 20*o - o**2. Let a be g(h). Calculate the greatest common factor of 12 and a.
12
Let d(s) = -s**3 - 10*s**2 + 22*s + 11. Let l be d(-12). Calculate the greatest common factor of 385 and l.
35
Let c = -34 - -50. Let t = -46 - -62. Calculate the highest common divisor of t and c.
16
Let m(v) = 6*v**2 + 11*v - 12. Let h be m(3). What is the greatest common divisor of 15 and h?
15
Suppose 3*w - 774 = -4*o, 265 = w + 5*o + 7. What is the greatest common factor of w and 301?
43
Let a be (-7 + 1)*5/15. Let i be 4 + a + 0 + 3. Calculate the highest common divisor of i and 1.
1
Let k be 3*((-168)/(-6) + -5 + 0). Calculate the highest common factor of 46 and k.
23
Suppose -5*u = 0, -3*u = -5*y + u + 55. Suppose -5*l - 3*i = 10, -7*l = -9*l + 2*i + 12. Calculate the highest common factor of y and l.
1
Let s = 63 + -60. Let v(o) = 7*o - 5. Let w be v(s). Let q(l) = 5*l**2 + 2*l + 1. Let x be q(-3). What is the highest common divisor of w and x?
8
Let t = -12 + 19. Suppose 7 + 21 = t*s. Suppose 82 = 4*m + 2*g, 0 = -0*m - 4*m + s*g + 112. Calculate the highest common factor of m and 92.
23
Let d(h) = -h**2 + 19*h + 47. Let w be d(19). Calculate the highest common factor of w and 329.
47
Let t(f) = f**3 + 4*f**2 + 3*f. Let h be t(-5). Let x = -24 - h. Suppose 3 = -l, l = -2*v - 4*l + 33. Calculate the greatest common divisor of x and v.
8
Suppose -2*u = 3*t - 0*t - 208, 0 = -4*u - 3*t + 416. Calculate the greatest common factor of 24 and u.
8
Let u be 2*2/(-2) + 62. Suppose 3*q = -48 - 33. Let a = u + q. What is the greatest common factor of a and 3?
3
Let c = 10 + -6. Suppose 56 = c*l + h + 4*h, l - 14 = h. Calculate the greatest common divisor of l and 126.
14
Let v(y) = -2*y**2 - 13*y - 5. Let b be v(-9). Let x be b*(-2 - -6 - 7)/1. Calculate the highest common factor of 15 and x.
15
Let q = -131 + 197. Suppose 2*m + 0 - 4 = 0. Suppose -137 = -3*x - 3*z + 4*z, -4*z + 68 = m*x. What is the highest common divisor of x and q?
22
Suppose -29*j + 24*j = 3*p - 662, 0 = 4*p - 5*j - 836. Calculate the highest common divisor of 963 and p.
107
Let u be 58/(23/((-1886)/(-4))). What is the greatest common divisor of 41 and u?
41
Let n(k) = -187*k - 33. Let z be n(-2). What is the greatest common divisor of 22 and z?
11
Let z be ((-10)/(-20))/(1/4). Calculate the greatest common divisor of z and 2.
2
Let o = 890 + -566. What is the greatest common factor of o and 72?
36
Suppose 5*n = -8*n + 494. What is the greatest common factor of 57 and n?
19
Suppose -13*g + 18*g = 3*u + 40, 0 = 3*u + 15. Calculate the greatest common factor of 5 and g.
5
Let a be (94/(-2))/((-5)/(-10)). Let r = -64 - a. Let s be (-97)/(-6) - 5/r. What is the greatest common factor of s and 16?
16
Suppose -3*g + 4*p = -1504, 0 = 5*g + 10*p - 15*p - 2510. Calculate the greatest common divisor of 144 and g.
72
Suppose -s - 727 = -2*s - 2*a, 2*s = -2*a + 1452. What is the greatest common divisor of 25 and s?
25
Let f be (3/(-2))/(1/(-10)). Let c be 0 + -5 + 2 + 2. Let y be 78 + c + 11 + -13. What is the highest common factor of y and f?
15
Let r = 27 + -19. Suppose r*q - 4*q = 12. Suppose -v - 2*n = -58, -q*n - 329 = -5*v - 0*n. What is the greatest common divisor of 8 and v?
8
Let u(v) = 2*v + 21. Let g be u(-9). Suppose -5*b + 8 = 6*n - g*n, b + 3 = 4*n. Let f be (3 + 0 + 1)/n. Calculate the greatest common divisor of f and 36.
4
Let d = -780 + 927. Calculate the highest common factor of d and 21.
21
Suppose 2*q - 5*g - 66 = 0, q - 5*g - 31 = -2*g. Let x = 85 - q. Calculate the greatest common factor of x and 14.
14
Suppose -4*c + 128 = -5*q, -q + c - 12 - 14 = 0. Let y = -24 - q. Suppose y = -5*a + 24 + 66. Calculate the highest common factor of a and 54.
18
Let o = 3420 + -3407. Let u be 2/4 - 50/(-4). What is the highest common divisor of u and o?
13
Let q = -101 + 107. Let o(f) = -f**2 + 3. Let c be o(0). What is the highest common divisor of q and c?
3
Suppose -12*y + 8*y = -36. Let f be ((-9)/2)/((y/(-234))/1). Calculate the greatest common factor of f and 78.
39
Suppose 3*q = 5*i - 0*i - 98, q + 77 = 4*i. Let f be (1 + -2 - -2)*(9 + i). Calculate the greatest common factor of f and 7.
7
Let t(o) be the second derivative of 4*o**3/3 + 3*o**2/2 + 4*o. Let u = 20 + -17. Let v be t(u). What is the highest common factor of v and 81?
27
Let c = 330 - -1494. Calculate the highest common divisor of c and 96.
96
Let n(z) = z - 3. Let g be n(5). Suppose 0*s - 22 = -g*s. Let m(a) = 3*a**2 + 10*a + 9. Let f be m(-8). Calculate the greatest common factor of f and s.
11
Let x be ((-2850)/1235)/((-2)/26). Calculate the highest common factor of x and 880.
10
Suppose -4*j = 3*a + 8, -5*a + 50 - 5 = -5*j. Let n(h) = h**3 - 2*h**2 - 6*h - 4. Let w be n(a). Let q = 7 + w. What is the highest common factor of 88 and q?
11
Let l = -110 + 113. Let a be 1 + (-4)/l + 610/30. Calculate the highest common factor of 80 and a.
20
Let b(a) = -2*a**3 - 6*a**2 + 3*a + 3. Suppose 0 = 13*c - 15*c - 14. Let m be b(c). Calculate the highest common factor of 34 and m.
34
Let y(h) = h. Let n(l) = -l**3 - 7*l**2 + 10*l + 17. Let b(r) = -n(r) + 4*y(r). Let v be b(-7). Calculate the greatest common divisor of v and 75.
25
Let t(d) = d**2 - 38*d + 189. Let f be t(0). What is the highest common factor of 54 and f?
27
Let m(g) = 62*g - 25. Let k be m(12). Suppose v - 135 = -2*u, 5*v - u + 0*u - k = 0. Calculate the greatest common factor of v and 13.
13
Let g(z) = 0 + 11*z - z**2 - z - 5 + 6. Let i be g(8). Calculate the greatest common divisor of i and 323.
17
Let r(k) = k**3 - 17*k**2 + 26 + 3*k + 12*k - 6. Let b be r(16). Calculate the highest common factor of b and 1.
1
Let s(h) = -31*h - 2. Suppose 4*t = 9*t + 15. Let p be s(t). Suppose 5*k + 46 = 2*n, -3 = n + 5*k + 4. What is the greatest common factor of n and p?
13
Suppose -1354 - 926 = -30*d. What is the highest common factor of 133 and d?
19
Suppose 4*p - b - 395 = -6*b, -2*b - 2 = 0. Suppose -1367 + 417 = -38*v. What is the highest common divisor of v and p?
25
Suppose 5*n = 0, -64*n + 69*n = 2*p - 330. What is the greatest common divisor of p and 33?
33
Let t(w) = -w**3 + 3*w**2 - 2*w + 3. Let l = 28 + -25. Let u be t(l). Let k be (27/(-6) - u)*-18. What is the greatest common divisor of 18 and k?
9
Let g(x) = 4*x**2 - 4*x - 4. Let p be g(3). Let f = 10 + p. Calculate the highest common divisor of 6 and f.
6
Let v = 129 + -10. Let l = 201 - v. What is the greatest common factor of 123 and l?
41
Let o be (1 + 4)/((-3)/(-3)). Suppose 5*u + 50 = o*v, 2*v = -u + 10 + 4. Calculate the highest common divisor of v and 32.
8
Suppose 0 = 4*q + 2*b - 428, -b + 306 = 5*q - 232. Suppose -7*d + 5*d + 39 = 3*x, -5*d - 4*x = -q. Calculate the greatest common divisor of 8 and d.
8
Suppose -5*s = 3*r - 54, 3*r - 5*s - 27 = -s. Let n = r - 11. Suppose n*b = 6*b - 104. What is the greatest common divisor of b and 13?
13
Suppose 5*n + 0*n - 11 = -2*j, -2*j + 2 = 2*n. Suppose -n*l + 41 = -55. Let g = 226 - 222. Calculate the highest common factor of g and l.
4
Let o = -3 + 5. Let u(f) = -f**3 + 3*f**2 + 6*f - 5. Let t be u(4). Let z = -1 + t. What is the highest common divisor of z and o?
2
Let n be ((-6)/(-5))/(28/70). Let t(o) = 14*o + 8. Let x be t(n). What is the greatest common divisor of 40 and x?
10
Let g be 8/12 + (-14)/(-6). Suppose -g*y + 6 = -12. Let o be y + -3*(-4)/6. Calculate the highest common divisor of o and 1.
1
Suppose h = 3*f - 9, 5 = h + 3*f - 10. Suppose -3*a + 9 - 69 = -5*u, -4*u + 48 = h*a. Calculate the greatest common divisor of 60 and u.
12
Suppose 0*z = z - 71. Suppose 69 = 4*j - z. Let i = 21 + j. What is the highest common divisor of i and 7?
7
Suppose 2*y - 4*x = -154, 6*y - 4*y = 2*x - 146. Let w = y - -137. What is the greatest common divisor of w and 170?
34
Suppose 94 = -21*s + 934. Calculate the highest common divisor of s and 100.
20
Let t(k) = k**2 + 4*k - 4. Let w be t(-6). Suppose 2*y + 3*l - w = 20, 2*y - 5*l - 60 = 0. Calculate the greatest common divisor of 5 and y.
5
Suppose 0 = a + b - 68, -a + b - 794 = -858. Calculate the greatest common factor of 176 and a.
22
Let o = -81 - -90. Suppose 0 = o*u - 7*u - 210. Suppose -2*y = -5*x + 69, -12 = -7*y + 3*y. Wh